 the prime factors of z(3)?
3
Let s be (5 - 4) + (1 - 3). List the prime factors of 22 + 4*s/2.
2, 5
Let j be (-2)/(-3 + (2 - 0)). Suppose -j*c + c = -2. Suppose -c*b = b - 9. What are the prime factors of b?
3
Let f = -43 - -64. Suppose 0 = 3*h - f + 6. Suppose -6*m + 2*s + 64 = -m, -h*m - 4*s + 52 = 0. What are the prime factors of m?
2, 3
Suppose 4*n - 4*j = 644, 5*n + 3*j = j + 770. What are the prime factors of n?
2, 3, 13
Let d = 2 - 8. Let k = 9 + d. Suppose -2*n + 3*n - 3*z - 13 = 0, 0 = -k*n + z + 31. What are the prime factors of n?
2, 5
Suppose 2*q - f - 15 = -6*f, 0 = 4*q + 3*f - 23. Suppose 0*c - 45 = -5*c - 5*w, -q*c + 69 = -w. What are the prime factors of c?
13
Suppose -2*n = -7*n. Let x = 17 + n. List the prime factors of x.
17
Suppose -l = z - 39, 0*z - z = -3*l - 39. List the prime factors of z.
3, 13
Suppose -675 = -6*g + 3*g. List the prime factors of g.
3, 5
Suppose t = 3*z - 6, 5*z - 10 = -2*t + t. Let p(q) = 2 + 0 + 2*q + z*q**2 - q**2. What are the prime factors of p(-4)?
2, 5
What are the prime factors of 39/(-52) - 1023/(-4)?
3, 5, 17
Suppose 10*v = 8*v + 20. List the prime factors of v.
2, 5
Let s(b) = b**3 + 6*b**2 - 8*b - 3. Let r be s(-7). What are the prime factors of r/(-18)*15*-3?
2, 5
Let r(a) = -a - 15. Let s be r(-11). Let c be 2/s*0 + 4. List the prime factors of (-4)/(-16) + 43/c.
11
Let g(q) = -q**3 + 4*q**2 + 7*q - 7. Suppose -3*p + p = -10. List the prime factors of g(p).
3
Suppose 3*x - 39 = 2*x. List the prime factors of x.
3, 13
Let f(u) = 2*u**2 - 4*u + 1. Let p be f(4). Let m = p - 13. List the prime factors of m.
2
Let b = -8 - -14. List the prime factors of ((-28)/b)/((-4)/6).
7
Suppose -912 + 297 = -5*p. What are the prime factors of p?
3, 41
Let r be (-2 - (-2 - 2)) + 4. What are the prime factors of 3*1/r*10?
5
Let a(v) = -v + 1. Let s be a(1). Suppose -289 = -3*y - 4*b, s*b + 4*b = 4*y - 348. Suppose 4*z - 58 = -2*l, -5*z = 4*l - 2*z - y. List the prime factors of l.
19
Let d(g) = -2*g**3 + 2*g**2 - g + 4. Let w be d(2). What are the prime factors of ((-9)/w)/((-2)/(-60))?
3, 5
Suppose 0 = -5*j + 5. Suppose 0 = 2*a - j - 7. Suppose 0 = m + m - a. What are the prime factors of m?
2
List the prime factors of (-11)/(-22) - 254/(-4).
2
Suppose -4*a + 29 = -63. Suppose n + 1 = a. List the prime factors of n.
2, 11
Suppose 0 = -5*p - 4 - 1. Let y be p/(-3) + 55/15. Suppose 3*q - 7 = -a, 4*q - y = -a + 3. List the prime factors of a.
7
Let j(a) = a**2 - a - 7. Let z be j(5). Suppose z = 5*o - 7. What are the prime factors of o?
2
What are the prime factors of (4/(-6))/((-2)/192)?
2
List the prime factors of (2 - 36/15)*-5.
2
Let j = -3 - 6. Suppose -3*f = 3*l + 84, -f + 21 = 4*l + 64. Let g = j - f. List the prime factors of g.
2, 7
Suppose i - 4*h + 5 = -9, -5*h = 4*i - 28. Let l = 6 - i. What are the prime factors of l?
2
Suppose 4*j - 2*g = 2*g + 24, -4*j - 2*g + 6 = 0. Suppose r = -2*m + 1, j*m + 37 = 4*r - 0*m. List the prime factors of r.
7
Let r be (-6*1 - -1)/(-1). Suppose 54 = r*h - 31. What are the prime factors of h?
17
Let o be 36 - 0 - (-9)/(-3). Suppose -3*b = -24 - o. List the prime factors of b.
19
Suppose -p = 5*a - 2*a, 5*p = 5*a + 80. What are the prime factors of p?
2, 3
Suppose i - 2 = -0. Let y be (3 - i - -1)*2. Suppose -y*q + 40 = -0*q. What are the prime factors of q?
2, 5
Let g(t) = -8*t - 8. What are the prime factors of g(-6)?
2, 5
Let r be 2/2*(0 - 0). Suppose r*y = -2*y + 22. What are the prime factors of y?
11
Suppose 5*y = -3*n - 6 + 31, 2*y + 4*n - 24 = 0. Suppose 0*o = -y*o - 2*l + 14, 5*o - 29 = -2*l. What are the prime factors of o?
5
Suppose 3*b = -p + 98, 2*p + p + 36 = b. What are the prime factors of b?
3, 11
Suppose -2*m + 5*q - 21 = -0, -3*m = -3*q + 9. Suppose -m = -k + 2. What are the prime factors of k?
2
Let v(n) = 22*n**2 - n. Let m be v(-1). Suppose 2*s + 7 = m. What are the prime factors of 1/4 - (-118)/s?
3, 5
Suppose -4*b - c = -2*b - 183, -5*c = 4*b - 381. List the prime factors of b.
89
Suppose 0 = q - 7*q + 192. List the prime factors of q.
2
Let t(b) = b**3 + 8*b**2 - 12*b - 9. Let j be t(-9). Suppose 0*n = -4*n - 3*c - j, -2*c - 2 = n. List the prime factors of 2/(-2)*0 - n.
2, 3
Let v be 48 + -3 + -2 + 5. Let w = -30 + v. List the prime factors of w.
2, 3
Let b be 24/4 - -1*3. Let s = 3 - b. Let i(z) = -3*z + 2. What are the prime factors of i(s)?
2, 5
List the prime factors of (-88)/(-110) - (-111)/5.
23
Let f = 11 - 8. Suppose 5*n + i - 95 = f*i, 0 = -5*n - 5*i + 95. List the prime factors of n.
19
Suppose 0 = -4*y + 139 + 41. List the prime factors of y.
3, 5
Suppose -4*t = -2*p + 8, -4*p = -5*t - p - 10. Let d = 5 + t. What are the prime factors of d?
3
Let h be (-2)/(-1) + -2*2. Let j = -2 - h. Suppose j = -5*a + 23 + 32. What are the prime factors of a?
11
Suppose 7*r - 2 - 621 = 0. List the prime factors of r.
89
What are the prime factors of ((-5)/(-2))/(7/154)?
5, 11
Suppose 2*z + 4*p + 16 = 6*p, z + 3*p = -16. Let g = z + 13. Suppose t - 6 = -y, y - 2 = -g*t + 10. What are the prime factors of y?
3
Let f(n) = -n + 3. Let q be f(6). Let h = 3 - q. List the prime factors of h.
2, 3
Suppose -3 = -3*i + 6. Suppose 0 = -s + i + 4. Suppose -2*b - 5*g + 0*g - s = 0, -9 = 3*g. List the prime factors of b.
2
Suppose -7*o + 245 + 826 = 0. List the prime factors of o.
3, 17
Let i(v) = v**3 + 5*v**2 + 5*v + 6. Let k be i(-4). Let s(y) = -y + y + 5*y - y**k + 2*y + 6. What are the prime factors of s(6)?
2, 3
Let p = -9 + 13. Suppose -3*h - n = -44, 52 = p*h - 3*n + n. What are the prime factors of (-120)/(-28) - 4/h?
2
Suppose z = 2*u - 4, 3*u + 4 = 13. Suppose d - z*d = -3. Suppose -d*i = -19 + 4. What are the prime factors of i?
5
Suppose -19 - 1 = -4*u. Suppose 0 = -3*v - 1 - u, 2*f + 5*v = 0. List the prime factors of f.
5
Let d = -85 + 48. Let b = -22 - d. List the prime factors of b.
3, 5
Suppose 9*u - 25 = 4*u. What are the prime factors of u?
5
Suppose 0 = -p + 2*p. Let v = p - -4. Suppose 28 = 5*m - n, v*m - 5*n = 4 + 10. What are the prime factors of m?
2, 3
Let n = -16 - -24. Let k be ((-5)/4)/(2/n). Let s = 7 + k. List the prime factors of s.
2
Let y(f) = f**3 + 6*f**2 - 8*f - 3. Let m be y(-7). Suppose -16 = -m*x - 0*x. Suppose 3*h = 4*q + 38, 0 = 5*h - x*q - 0*q - 50. List the prime factors of h.
2, 3
Suppose -48*l = -46*l - 560. What are the prime factors of l?
2, 5, 7
Let f(s) = 34*s**2 + s - 1. Let u be f(1). Suppose -b = b + u. Let w = 34 + b. What are the prime factors of w?
17
Let h(y) = y**2. Let o(r) = -7*r**3 - 4*r**2. Let i(q) = 5*h(q) + o(q). Suppose -2*t + 4 = -4*w, 5 = 2*w - 7*w - t. What are the prime factors of i(w)?
2
Suppose -25 = 4*x - 1. Let h = x - -10. Suppose -h*g = 5*b - 16, -3*b + 13 = 2*g - 3*g. What are the prime factors of b?
2
Let h(z) = 41*z**3 + z**2 - 2*z**2 - 14*z**3 + z. What are the prime factors of h(1)?
3
Let f(h) = 3*h + 5*h - 3*h. Let z be -2 + 2 - (-12)/3. What are the prime factors of f(z)?
2, 5
Let r(s) = 6*s**2 - s. Let q be r(1). Suppose q*y + 14 = 39. Suppose y*b = 4*b + 3. What are the prime factors of b?
3
Let u = -349 + 595. List the prime factors of u.
2, 3, 41
Suppose d - 22 = 5*f - 3*d, -3*d = 5*f + 1. What are the prime factors of (4/(-12))/(f/114)?
19
Let a(n) = n**2 + 5*n - 6. Let x be a(-6). Let v = x + 18. What are the prime factors of v?
2, 3
Let v(k) = k**2 + k. Let w(m) = -8*m**2 - 6*m. Let f(i) = -5*v(i) - w(i). List the prime factors of f(-3).
2, 3
Let s(o) = 7*o**2 - o. Let n be s(1). Let w(b) = n*b**2 - 7*b + b**3 - 2 - 3*b + b. List the prime factors of w(-7).
2, 3
Suppose 8 = 2*w - 2*x - 0*x, -4*w = -2*x - 16. Suppose 4*c + 0*c + w = 0. What are the prime factors of (c + 2)/((-3)/(-6))?
2
Suppose 0 = 3*c - 5*x - 22, 2*c + 6 - 27 = -3*x. Suppose 2*y - c = -y. List the prime factors of y.
3
Let b be (-1)/(-2*1/10). Suppose 4*t + 3*g - 14 = -t, 0 = -b*g - 10. List the prime factors of (-1)/t + (-366)/(-24).
3, 5
Suppose 2*t = u + 4, 3*t = u + 4 + 1. Let r(i) be the second derivative of -i**3 - i**2 - 3*i. List the prime factors of r(u).
2, 5
Let m(s) = 2*s**2 + 3*s + 2. Let b = 6 + -8. Let h be m(b). Suppose 5 + 63 = h*n. What are the prime factors of n?
17
Let l = -13 - -7. Let c = 8 + l. What are the prime factors of ((-36)/3)/(c - 3)?
2, 3
Suppose -4*q - 26 = -y, 